?
True
Is 501359947 a prime number?
False
Is 497337 a composite number?
True
Is 163134079 composite?
True
Is 14610721 a prime number?
True
Is 90706327 a prime number?
True
Is 10568653 a composite number?
False
Is 22666147 a composite number?
True
Is 780869117 a prime number?
False
Is 12635453 a composite number?
False
Is 6444539 composite?
True
Is 3685081 a composite number?
True
Is 27731549 composite?
False
Is 16069673 composite?
False
Is 77863 prime?
True
Is 7587043 a composite number?
False
Is 6686293 prime?
False
Is 128063 prime?
False
Is 3190589 a prime number?
True
Is 55302943 prime?
False
Is 1236152147 composite?
True
Is 14762039 a prime number?
True
Is 2863487 a composite number?
True
Is 4357 prime?
True
Is 231508991 a prime number?
False
Is 923035 a composite number?
True
Is 7244021 prime?
True
Is 1105231 composite?
False
Is 37265237 a composite number?
True
Is 52095261 a composite number?
True
Is 96017357 a prime number?
True
Is 19886891 a prime number?
True
Is 2651413 prime?
True
Is 67321883 a prime number?
False
Is 235440937 composite?
True
Is 674449 prime?
True
Is 1615283 composite?
True
Is 97055333 a composite number?
False
Is 468811613 prime?
True
Is 1022921 a prime number?
False
Is 7790161 a composite number?
False
Is 603634439 a composite number?
True
Is 203779273 a composite number?
False
Is 19118219 a composite number?
True
Is 132205427 prime?
True
Is 4763557 prime?
True
Is 7154111 composite?
True
Is 10196741 a composite number?
True
Is 46356577 composite?
True
Is 6428663 prime?
False
Is 44999681 composite?
True
Is 1459131 a composite number?
True
Is 971171 a prime number?
True
Is 1601813 a prime number?
True
Is 2098471 prime?
True
Is 3198937 a prime number?
False
Is 7157377 composite?
False
Is 364512833 prime?
True
Is 2099411 a prime number?
True
Is 179117017 a prime number?
False
Is 65428183 a prime number?
False
Is 911781613 prime?
True
Is 250535203 prime?
True
Is 61548163 composite?
True
Is 828169 prime?
True
Is 132430609 composite?
False
Is 55296559 a composite number?
True
Is 9490345 a composite number?
True
Is 320968337 a composite number?
True
Is 44055887 a composite number?
True
Is 11043551 composite?
False
Is 82035991 a prime number?
True
Is 6276295 a composite number?
True
Is 4874851 prime?
True
Is 1996277 a composite number?
False
Is 816615289 a composite number?
True
Is 3175131 a prime number?
False
Is 1025174441 a composite number?
True
Is 542053 prime?
True
Is 135924647 composite?
False
Is 3921043 a composite number?
True
Is 815453 a prime number?
True
Is 252619769 composite?
True
Is 47605267 composite?
False
Is 14617 prime?
False
Is 76442507 composite?
False
Is 14973451 a composite number?
False
Is 380659 a prime number?
False
Is 225149 a prime number?
True
Is 25820211 prime?
False
Is 1773949 composite?
False
Is 24762913 prime?
False
Is 66806602 prime?
False
Is 219395117 a prime number?
True
Is 12839854 composite?
True
Is 2738579 composite?
False
Is 1973957 prime?
True
Is 12142829 a prime number?
True
Is 2301857 prime?
True
Is 113253697 composite?
False
Is 60941677 prime?
True
Is 4407861 prime?
False
Is 134639222 a prime number?
False
Is 28290103 a composite number?
False
Is 202071071 a composite number?
False
Is 1025956189 a prime number?
True
Is 5578246 a composite number?
True
Is 65157711 a composite number?
True
Is 199946963 prime?
False
Is 303773819 prime?
False
Is 676167751 a prime number?
False
Is 9223049 prime?
False
Is 1118713 prime?
True
Is 31058537 a prime number?
False
Is 913547 a composite number?
True
Is 278449 a composite number?
True
Is 36477947 composite?
True
Is 5575043 prime?
True
Is 412914191 a prime number?
False
Is 69109 a composite number?
False
Is 130197307 prime?
True
Is 4034531 a prime number?
False
Is 35145251 a prime number?
True
Is 2231923 composite?
True
Is 8304497 a prime number?
False
Is 26974579 a composite number?
False
Is 108611927 composite?
True
Is 1976215 a composite number?
True
Is 5915803 prime?
True
Is 4024249 prime?
False
Is 58390351 prime?
True
Is 444253 prime?
True
Is 124455997 composite?
True
Is 130850033 a prime number?
True
Is 2476511 a prime number?
True
Is 10213642 composite?
True
Is 105839233 prime?
False
Is 1485163 prime?
False
Is 32084443 a prime number?
True
Is 1435027 composite?
True
Is 9945743 a prime number?
True
Is 36342083 prime?
False
Is 17603369 composite?
True
Is 82167713 a composite number?
True
Is 1777913 prime?
False
Is 17222783 a prime number?
True
Is 21615601 prime?
False
Is 2375519 a prime number?
False
Is 2508919 a composite number?
True
Is 557247391 a composite number?
True
Is 564089 prime?
True
Is 100377967 composite?
False
Is 117362983 composite?
False
Is 28052261 a prime number?
False
Is 115256689 a composite number?
False
Is 3995413 prime?
True
Is 2880209 a prime number?
False
Is 44203295 a composite number?
True
Is 31656943 prime?
True
Is 6486497 a prime number?
False
Is 68105867 a composite number?
True
Is 1469705 a composite number?
True
Is 18180039 composite?
True
Is 11447529 prime?
False
Is 2821229 prime?
True
Is 7819687 a composite number?
True
Is 4047041 a composite number?
False
Is 719491 a composite number?
True
Is 2033333 a prime number?
False
Is 2585129 prime?
True
Is 72828967 composite?
True
Is 29682817 a composite number?
False
Is 169489871 a prime number?
True
Is 5203439 composite?
False
Is 30672527 a composite number?
False
Is 1372843 composite?
False
Is 41189689 a composite number?
True
Is 28528811 a composite number?
True
Is 34277693 composite?
False
Is 11530577 composite?
False
Is 16906634 composite?
True
Is 7688089 prime?
False
Is 647921 prime?
False
Is 19752793 a composite number?
True
Is 29398379 a composite number?
False
Is 336577091 a prime number?
True
Is 6851567 a composite number?
True
Is 243499 a prime number?
False
Is 1091219 a prime number?
True
Is 1929701 a composite number?
True
Is 190315813 a prime number?
True
Is 154710299 prime?
True
Is 8635589 prime?
False
Is 36189799 composite?
False
Is 149624201 composite?
False
Is 43839977 a prime number?
True
Is 12365309 composite?
True
Is 2755859 prime?
True
Is 616748837 composite?
True
Is 13418141 a composite number?
True
Is 5223923 composite?
True
Is 21926771 prime?
True
Is 3718549 a composite number?
False
Is 85925987 a prime number?
False
Is 45427 prime?
True
Is 30546353 a prime number?
False
Is 322691847 prime?
False
Is 23766479 prime?
False
Is 41507549 a prime number?
False
Is 11855665 composite?
True
Is 90788837 prime?
True
Is 242071 a prime number?
False
Is 155899385 composite?
True
Is 33109249 prime?
True
Is 2315759 prime?
True
Is 5335657 a prime number?
True
Is 62410963 prime?
True
Is 84070741 prime?
False
Is 39811803 composite?
True
Is 35191601 a prime number?
False
Is 501899 a prime number?
False
Is 1868807 prime?
True
Is 713131 prime?
False
Is 1246667 composite?
False
Is 52396717 a composite number?
False
Is 256513949 composite?
False
Is 88990397 prime?
False
Is 87241547 a composite number?
True
Is 231188147 a prime number?
False
Is 5870426 a composite number?
True
Is 12730066 a composite number?
True
Is 22286111 prime?
True
Is 791643 prime?
False
Is 438401 a prime number?
True
Is 26477743 a composite number?
False
Is 10264937 a composite number?
True
Is 97055983 composite?
False
Is 2027663 a composite number?
True
Is 196595758 composite?
True
Is 22547873 composite?
False
Is 2560663 composite?
True
Is 234557 a composite number?
True
Is 78017419 prime?
False
Is 95913911 composite?
False
Is 7467701 a composite number?
True
Is 9382001 a composite number?
True
Is 1321961 prime?
True
Is 3227507 composite?
False
Is 87336413 composite?
False
Is 8518331 prime?
True
Is 29940233 prime?
True
Is 1293119 prime?
True
Is 3277523 a prime number?
False
Is 23006293 prime?
False
Is 2428507 prime?
False
Is 161446367 a prime number?
True
Is 5819857 a composite number?
False
Is 2578159 prime?
False
Is 1172971 a prime number?
False
Is 4706129 a composite number?
True
Is 199335439 prime?
True
Is 1074304697 prime?
True
Is 61073539 a prime number?
False
Is 13858667 a prime number?
False
Is 36356461 prime?
True
Is 302230261 a prime number?
True
Is 2132147 composite?
False
Is 42319819 composite?
False
Is 101269579 a composite number?
True
Is 3707621 a composite number?
True
